{"id":69871,"date":"2025-05-13T16:24:10","date_gmt":"2025-05-13T16:24:10","guid":{"rendered":"https:\/\/www.asociacioncge.com\/?page_id=69871"},"modified":"2025-05-14T18:29:16","modified_gmt":"2025-05-14T18:29:16","slug":"soft-skin","status":"publish","type":"page","link":"https:\/\/www.asociacioncge.com\/?page_id=69871","title":{"rendered":"SOFT SKIN"},"content":{"rendered":"\t\t<div data-elementor-type=\"wp-page\" data-elementor-id=\"69871\" class=\"elementor elementor-69871\">\n\t\t\t\t\t\t<section class=\"elementor-section elementor-top-section elementor-element elementor-element-0ce5b66 elementor-section-boxed elementor-section-height-default elementor-section-height-default\" data-id=\"0ce5b66\" data-element_type=\"section\" data-e-type=\"section\">\n\t\t\t\t\t\t<div class=\"elementor-container elementor-column-gap-default\">\n\t\t\t\t\t<div class=\"elementor-column elementor-col-50 elementor-top-column elementor-element elementor-element-f2d2651\" data-id=\"f2d2651\" data-element_type=\"column\" data-e-type=\"column\">\n\t\t\t<div class=\"elementor-widget-wrap elementor-element-populated\">\n\t\t\t\t\t\t<div class=\"elementor-element elementor-element-73046e9 elementor-widget elementor-widget-image\" data-id=\"73046e9\" data-element_type=\"widget\" data-e-type=\"widget\" data-widget_type=\"image.default\">\n\t\t\t\t<div class=\"elementor-widget-container\">\n\t\t\t\t\t\t\t\t\t\t\t\t\t\t\t<img decoding=\"async\" width=\"150\" height=\"150\" src=\"https:\/\/www.asociacioncge.com\/wp-content\/uploads\/2025\/05\/logo-softskin-150x150.jpeg\" class=\"attachment-thumbnail size-thumbnail wp-image-69873\" alt=\"\" srcset=\"https:\/\/www.asociacioncge.com\/wp-content\/uploads\/2025\/05\/logo-softskin-150x150.jpeg 150w, https:\/\/www.asociacioncge.com\/wp-content\/uploads\/2025\/05\/logo-softskin-300x300.jpeg 300w, https:\/\/www.asociacioncge.com\/wp-content\/uploads\/2025\/05\/logo-softskin-100x100.jpeg 100w, https:\/\/www.asociacioncge.com\/wp-content\/uploads\/2025\/05\/logo-softskin.jpeg 500w\" sizes=\"(max-width: 150px) 100vw, 150px\" \/>\t\t\t\t\t\t\t\t\t\t\t\t\t\t\t<\/div>\n\t\t\t\t<\/div>\n\t\t\t\t\t<\/div>\n\t\t<\/div>\n\t\t\t\t<div class=\"elementor-column elementor-col-50 elementor-top-column elementor-element elementor-element-d2de17c\" data-id=\"d2de17c\" data-element_type=\"column\" data-e-type=\"column\">\n\t\t\t<div class=\"elementor-widget-wrap elementor-element-populated\">\n\t\t\t\t\t\t<div class=\"elementor-element elementor-element-54e653f elementor-widget elementor-widget-heading\" data-id=\"54e653f\" data-element_type=\"widget\" data-e-type=\"widget\" data-widget_type=\"heading.default\">\n\t\t\t\t<div class=\"elementor-widget-container\">\n\t\t\t\t\t<h2 class=\"elementor-heading-title elementor-size-default\">Tratamientos faciales y corporales <br>est\u00e9ticos\/hol\u00edsticos.<\/h2>\t\t\t\t<\/div>\n\t\t\t\t<\/div>\n\t\t\t\t<div class=\"elementor-element elementor-element-3798a35 elementor-widget elementor-widget-heading\" data-id=\"3798a35\" data-element_type=\"widget\" data-e-type=\"widget\" data-widget_type=\"heading.default\">\n\t\t\t\t<div class=\"elementor-widget-container\">\n\t\t\t\t\t<h2 class=\"elementor-heading-title elementor-size-default\">Agenda tu cita:<br>0962365113<\/h2>\t\t\t\t<\/div>\n\t\t\t\t<\/div>\n\t\t\t\t\t<\/div>\n\t\t<\/div>\n\t\t\t\t\t<\/div>\n\t\t<\/section>\n\t\t\t\t<section class=\"elementor-section elementor-top-section elementor-element elementor-element-e035945 elementor-section-boxed elementor-section-height-default elementor-section-height-default\" data-id=\"e035945\" data-element_type=\"section\" data-e-type=\"section\">\n\t\t\t\t\t\t<div class=\"elementor-container elementor-column-gap-default\">\n\t\t\t\t\t<div class=\"elementor-column elementor-col-50 elementor-top-column elementor-element elementor-element-387f6d1\" data-id=\"387f6d1\" data-element_type=\"column\" data-e-type=\"column\">\n\t\t\t<div class=\"elementor-widget-wrap elementor-element-populated\">\n\t\t\t\t\t\t<div class=\"elementor-element elementor-element-5f9b96e elementor-widget elementor-widget-heading\" data-id=\"5f9b96e\" data-element_type=\"widget\" data-e-type=\"widget\" data-widget_type=\"heading.default\">\n\t\t\t\t<div class=\"elementor-widget-container\">\n\t\t\t\t\t<h2 class=\"elementor-heading-title elementor-size-default\">10%<br>DESCUENTO<\/h2>\t\t\t\t<\/div>\n\t\t\t\t<\/div>\n\t\t\t\t\t<\/div>\n\t\t<\/div>\n\t\t\t\t<div class=\"elementor-column elementor-col-50 elementor-top-column elementor-element elementor-element-cf3fa2e\" data-id=\"cf3fa2e\" data-element_type=\"column\" data-e-type=\"column\">\n\t\t\t<div class=\"elementor-widget-wrap elementor-element-populated\">\n\t\t\t\t\t\t<div class=\"elementor-element elementor-element-32b51c0 elementor-widget elementor-widget-heading\" data-id=\"32b51c0\" data-element_type=\"widget\" data-e-type=\"widget\" data-widget_type=\"heading.default\">\n\t\t\t\t<div class=\"elementor-widget-container\">\n\t\t\t\t\t<h2 class=\"elementor-heading-title elementor-size-default\">2 Meses<br>CR\u00c9DITO ROL<\/h2>\t\t\t\t<\/div>\n\t\t\t\t<\/div>\n\t\t\t\t\t<\/div>\n\t\t<\/div>\n\t\t\t\t\t<\/div>\n\t\t<\/section>\n\t\t\t\t<section class=\"elementor-section elementor-top-section elementor-element elementor-element-81dfd64 elementor-section-boxed elementor-section-height-default elementor-section-height-default\" data-id=\"81dfd64\" data-element_type=\"section\" data-e-type=\"section\">\n\t\t\t\t\t\t<div class=\"elementor-container elementor-column-gap-default\">\n\t\t\t\t\t<div class=\"elementor-column elementor-col-33 elementor-top-column elementor-element elementor-element-07c3a7a\" data-id=\"07c3a7a\" data-element_type=\"column\" data-e-type=\"column\">\n\t\t\t<div class=\"elementor-widget-wrap elementor-element-populated\">\n\t\t\t\t\t\t<div class=\"elementor-element elementor-element-831a484 elementor-widget elementor-widget-image\" data-id=\"831a484\" data-element_type=\"widget\" data-e-type=\"widget\" data-widget_type=\"image.default\">\n\t\t\t\t<div class=\"elementor-widget-container\">\n\t\t\t\t\t\t\t\t\t\t\t\t\t\t\t<img fetchpriority=\"high\" decoding=\"async\" width=\"768\" height=\"511\" src=\"https:\/\/www.asociacioncge.com\/wp-content\/uploads\/2025\/05\/soft-skin_1-768x511.jpg\" class=\"attachment-medium_large size-medium_large wp-image-69891\" alt=\"\" srcset=\"https:\/\/www.asociacioncge.com\/wp-content\/uploads\/2025\/05\/soft-skin_1-768x511.jpg 768w, https:\/\/www.asociacioncge.com\/wp-content\/uploads\/2025\/05\/soft-skin_1-300x200.jpg 300w, https:\/\/www.asociacioncge.com\/wp-content\/uploads\/2025\/05\/soft-skin_1-1024x682.jpg 1024w, https:\/\/www.asociacioncge.com\/wp-content\/uploads\/2025\/05\/soft-skin_1-1536x1023.jpg 1536w, https:\/\/www.asociacioncge.com\/wp-content\/uploads\/2025\/05\/soft-skin_1-2048x1364.jpg 2048w, https:\/\/www.asociacioncge.com\/wp-content\/uploads\/2025\/05\/soft-skin_1-600x400.jpg 600w\" sizes=\"(max-width: 768px) 100vw, 768px\" \/>\t\t\t\t\t\t\t\t\t\t\t\t\t\t\t<\/div>\n\t\t\t\t<\/div>\n\t\t\t\t\t<\/div>\n\t\t<\/div>\n\t\t\t\t<div class=\"elementor-column elementor-col-33 elementor-top-column elementor-element elementor-element-502c65b\" data-id=\"502c65b\" data-element_type=\"column\" data-e-type=\"column\">\n\t\t\t<div class=\"elementor-widget-wrap elementor-element-populated\">\n\t\t\t\t\t\t<div class=\"elementor-element elementor-element-4693baa elementor-widget elementor-widget-heading\" data-id=\"4693baa\" data-element_type=\"widget\" data-e-type=\"widget\" data-widget_type=\"heading.default\">\n\t\t\t\t<div class=\"elementor-widget-container\">\n\t\t\t\t\t<h2 class=\"elementor-heading-title elementor-size-default\">Direcci\u00f3n:<br><br>Quito, Av. Atahualpa e I\u00f1aquito, edificio Corporativo Atahualpa.\n<br><br>3er piso<br>Consultorio 302<\/h2>\t\t\t\t<\/div>\n\t\t\t\t<\/div>\n\t\t\t\t\t<\/div>\n\t\t<\/div>\n\t\t\t\t<div class=\"elementor-column elementor-col-33 elementor-top-column elementor-element elementor-element-4e8ac88\" data-id=\"4e8ac88\" data-element_type=\"column\" data-e-type=\"column\">\n\t\t\t<div class=\"elementor-widget-wrap elementor-element-populated\">\n\t\t\t\t\t\t<div class=\"elementor-element elementor-element-8d82f40 elementor-widget elementor-widget-image\" data-id=\"8d82f40\" data-element_type=\"widget\" data-e-type=\"widget\" data-widget_type=\"image.default\">\n\t\t\t\t<div class=\"elementor-widget-container\">\n\t\t\t\t\t\t\t\t\t\t\t\t\t\t\t<img decoding=\"async\" width=\"768\" height=\"512\" src=\"https:\/\/www.asociacioncge.com\/wp-content\/uploads\/2025\/05\/soft-skin_2-768x512.jpg\" class=\"attachment-medium_large size-medium_large wp-image-69892\" alt=\"\" srcset=\"https:\/\/www.asociacioncge.com\/wp-content\/uploads\/2025\/05\/soft-skin_2-768x512.jpg 768w, https:\/\/www.asociacioncge.com\/wp-content\/uploads\/2025\/05\/soft-skin_2-300x200.jpg 300w, https:\/\/www.asociacioncge.com\/wp-content\/uploads\/2025\/05\/soft-skin_2-1024x683.jpg 1024w, https:\/\/www.asociacioncge.com\/wp-content\/uploads\/2025\/05\/soft-skin_2-600x400.jpg 600w, https:\/\/www.asociacioncge.com\/wp-content\/uploads\/2025\/05\/soft-skin_2.jpg 1125w\" sizes=\"(max-width: 768px) 100vw, 768px\" \/>\t\t\t\t\t\t\t\t\t\t\t\t\t\t\t<\/div>\n\t\t\t\t<\/div>\n\t\t\t\t\t<\/div>\n\t\t<\/div>\n\t\t\t\t\t<\/div>\n\t\t<\/section>\n\t\t\t\t<section class=\"elementor-section elementor-top-section elementor-element elementor-element-23b0dd1 elementor-section-boxed elementor-section-height-default elementor-section-height-default\" data-id=\"23b0dd1\" data-element_type=\"section\" data-e-type=\"section\">\n\t\t\t\t\t\t<div class=\"elementor-container elementor-column-gap-default\">\n\t\t\t\t\t<div class=\"elementor-column elementor-col-33 elementor-top-column elementor-element elementor-element-0e429fa\" data-id=\"0e429fa\" data-element_type=\"column\" data-e-type=\"column\">\n\t\t\t<div class=\"elementor-widget-wrap elementor-element-populated\">\n\t\t\t\t\t\t<div class=\"elementor-element elementor-element-7b896ea elementor-widget elementor-widget-image\" data-id=\"7b896ea\" data-element_type=\"widget\" data-e-type=\"widget\" data-widget_type=\"image.default\">\n\t\t\t\t<div class=\"elementor-widget-container\">\n\t\t\t\t\t\t\t\t\t\t\t\t\t\t\t<img loading=\"lazy\" decoding=\"async\" width=\"172\" height=\"300\" src=\"https:\/\/www.asociacioncge.com\/wp-content\/uploads\/2025\/05\/soft-skin_3-172x300.jpg\" class=\"attachment-medium size-medium wp-image-69900\" alt=\"\" srcset=\"https:\/\/www.asociacioncge.com\/wp-content\/uploads\/2025\/05\/soft-skin_3-172x300.jpg 172w, https:\/\/www.asociacioncge.com\/wp-content\/uploads\/2025\/05\/soft-skin_3-586x1024.jpg 586w, https:\/\/www.asociacioncge.com\/wp-content\/uploads\/2025\/05\/soft-skin_3-768x1343.jpg 768w, https:\/\/www.asociacioncge.com\/wp-content\/uploads\/2025\/05\/soft-skin_3-878x1536.jpg 878w, https:\/\/www.asociacioncge.com\/wp-content\/uploads\/2025\/05\/soft-skin_3-600x1049.jpg 600w, https:\/\/www.asociacioncge.com\/wp-content\/uploads\/2025\/05\/soft-skin_3.jpg 915w\" sizes=\"(max-width: 172px) 100vw, 172px\" \/>\t\t\t\t\t\t\t\t\t\t\t\t\t\t\t<\/div>\n\t\t\t\t<\/div>\n\t\t\t\t\t<\/div>\n\t\t<\/div>\n\t\t\t\t<div class=\"elementor-column elementor-col-33 elementor-top-column elementor-element elementor-element-f17a590\" data-id=\"f17a590\" data-element_type=\"column\" data-e-type=\"column\">\n\t\t\t<div class=\"elementor-widget-wrap elementor-element-populated\">\n\t\t\t\t\t\t<div class=\"elementor-element elementor-element-6b4fe9c elementor-widget elementor-widget-heading\" data-id=\"6b4fe9c\" data-element_type=\"widget\" data-e-type=\"widget\" data-widget_type=\"heading.default\">\n\t\t\t\t<div class=\"elementor-widget-container\">\n\t\t\t\t\t<h2 class=\"elementor-heading-title elementor-size-default\">Horario de atenci\u00f3n:<br><br>Lunes a viernes<br>9:00 a 18:00<br><br>S\u00e1bados y domingos<br>9:00 a 14:00<\/h2>\t\t\t\t<\/div>\n\t\t\t\t<\/div>\n\t\t\t\t<div class=\"elementor-element elementor-element-ff61662 elementor-widget__width-initial elementor-widget elementor-widget-heading\" data-id=\"ff61662\" data-element_type=\"widget\" data-e-type=\"widget\" data-widget_type=\"heading.default\">\n\t\t\t\t<div class=\"elementor-widget-container\">\n\t\t\t\t\t<h2 class=\"elementor-heading-title elementor-size-default\"><br><br>Beneficio aplica presentando la c\u00e9dula<\/h2>\t\t\t\t<\/div>\n\t\t\t\t<\/div>\n\t\t\t\t\t<\/div>\n\t\t<\/div>\n\t\t\t\t<div class=\"elementor-column elementor-col-33 elementor-top-column elementor-element elementor-element-48363ba\" data-id=\"48363ba\" data-element_type=\"column\" data-e-type=\"column\">\n\t\t\t<div class=\"elementor-widget-wrap elementor-element-populated\">\n\t\t\t\t\t\t<div class=\"elementor-element elementor-element-e9376b9 elementor-widget elementor-widget-image\" data-id=\"e9376b9\" data-element_type=\"widget\" data-e-type=\"widget\" data-widget_type=\"image.default\">\n\t\t\t\t<div class=\"elementor-widget-container\">\n\t\t\t\t\t\t\t\t\t\t\t\t\t\t\t<img loading=\"lazy\" decoding=\"async\" width=\"225\" height=\"300\" src=\"https:\/\/www.asociacioncge.com\/wp-content\/uploads\/2025\/05\/soft-skin_4-225x300.jpg\" class=\"attachment-medium size-medium wp-image-69901\" alt=\"\" srcset=\"https:\/\/www.asociacioncge.com\/wp-content\/uploads\/2025\/05\/soft-skin_4-225x300.jpg 225w, https:\/\/www.asociacioncge.com\/wp-content\/uploads\/2025\/05\/soft-skin_4-768x1024.jpg 768w, https:\/\/www.asociacioncge.com\/wp-content\/uploads\/2025\/05\/soft-skin_4-1152x1536.jpg 1152w, https:\/\/www.asociacioncge.com\/wp-content\/uploads\/2025\/05\/soft-skin_4-1536x2048.jpg 1536w, https:\/\/www.asociacioncge.com\/wp-content\/uploads\/2025\/05\/soft-skin_4-600x800.jpg 600w\" sizes=\"(max-width: 225px) 100vw, 225px\" \/>\t\t\t\t\t\t\t\t\t\t\t\t\t\t\t<\/div>\n\t\t\t\t<\/div>\n\t\t\t\t\t<\/div>\n\t\t<\/div>\n\t\t\t\t\t<\/div>\n\t\t<\/section>\n\t\t\t\t<section class=\"elementor-section elementor-top-section elementor-element elementor-element-1f0b25e elementor-section-boxed elementor-section-height-default elementor-section-height-default\" data-id=\"1f0b25e\" data-element_type=\"section\" data-e-type=\"section\">\n\t\t\t\t\t\t<div class=\"elementor-container elementor-column-gap-default\">\n\t\t\t\t\t<div class=\"elementor-column elementor-col-50 elementor-top-column elementor-element elementor-element-b217c6b\" data-id=\"b217c6b\" data-element_type=\"column\" data-e-type=\"column\">\n\t\t\t<div class=\"elementor-widget-wrap elementor-element-populated\">\n\t\t\t\t\t\t<div class=\"elementor-element elementor-element-6df5943 elementor-widget elementor-widget-text-editor\" data-id=\"6df5943\" data-element_type=\"widget\" data-e-type=\"widget\" data-widget_type=\"text-editor.default\">\n\t\t\t\t<div class=\"elementor-widget-container\">\n\t\t\t\t\t\t\t\t\t<p>Servicios faciales:<\/p><ul><li>Limpieza facial<\/li><li>Tratamiento de acn\u00e9<\/li><li>Dermaneedling<\/li><li>Dermaplaning<\/li><li>Hollywood Peel<\/li><li>Rejuvenecimiento<\/li><li>Despigmentaci\u00f3n<\/li><li>Lifting facial<\/li><li>Plasma rico en plaquetas<\/li><li>Lipo papada<\/li><li>Masaje relajante facial<\/li><li>Extracci\u00f3n lunar\/verruga<\/li><\/ul>\t\t\t\t\t\t\t\t<\/div>\n\t\t\t\t<\/div>\n\t\t\t\t\t<\/div>\n\t\t<\/div>\n\t\t\t\t<div class=\"elementor-column elementor-col-50 elementor-top-column elementor-element elementor-element-e39da74\" data-id=\"e39da74\" data-element_type=\"column\" data-e-type=\"column\">\n\t\t\t<div class=\"elementor-widget-wrap elementor-element-populated\">\n\t\t\t\t\t\t<div class=\"elementor-element elementor-element-ef0cd83 elementor-widget elementor-widget-text-editor\" data-id=\"ef0cd83\" data-element_type=\"widget\" data-e-type=\"widget\" data-widget_type=\"text-editor.default\">\n\t\t\t\t<div class=\"elementor-widget-container\">\n\t\t\t\t\t\t\t\t\t<p>Servicios corporales:<\/p><ul><li>Maderoterapia<\/li><li>Tratamiento de flacidez corporal<\/li><li>D-L-M (Drenaje linf\u00e1tico)<\/li><li>Tratamiento de reducci\u00f3n de medidas<\/li><\/ul>\t\t\t\t\t\t\t\t<\/div>\n\t\t\t\t<\/div>\n\t\t\t\t<div class=\"elementor-element elementor-element-4fde70f elementor-widget elementor-widget-heading\" data-id=\"4fde70f\" data-element_type=\"widget\" data-e-type=\"widget\" data-widget_type=\"heading.default\">\n\t\t\t\t<div class=\"elementor-widget-container\">\n\t\t\t\t\t<h2 class=\"elementor-heading-title elementor-size-default\">Descarga el cat\u00e1logo completo:<\/h2>\t\t\t\t<\/div>\n\t\t\t\t<\/div>\n\t\t\t\t<div class=\"elementor-element elementor-element-6ca1ceb elementor-button-success elementor-align-center elementor-widget elementor-widget-button\" data-id=\"6ca1ceb\" data-element_type=\"widget\" data-e-type=\"widget\" data-widget_type=\"button.default\">\n\t\t\t\t<div class=\"elementor-widget-container\">\n\t\t\t\t\t\t\t\t\t<div class=\"elementor-button-wrapper\">\n\t\t\t\t\t<a class=\"elementor-button elementor-button-link elementor-size-sm\" href=\"https:\/\/www.asociacioncge.com\/wp-content\/uploads\/2025\/05\/Catalogo-Soft-Skin-Exclusivo-Contraloria.pdf\" target=\"_blank\">\n\t\t\t\t\t\t<span class=\"elementor-button-content-wrapper\">\n\t\t\t\t\t\t<span class=\"elementor-button-icon\">\n\t\t\t\t<i aria-hidden=\"true\" class=\"far fa-file-pdf\"><\/i>\t\t\t<\/span>\n\t\t\t\t\t\t\t\t\t<span class=\"elementor-button-text\"> <\/span>\n\t\t\t\t\t<\/span>\n\t\t\t\t\t<\/a>\n\t\t\t\t<\/div>\n\t\t\t\t\t\t\t\t<\/div>\n\t\t\t\t<\/div>\n\t\t\t\t\t<\/div>\n\t\t<\/div>\n\t\t\t\t\t<\/div>\n\t\t<\/section>\n\t\t\t\t<section class=\"elementor-section elementor-top-section elementor-element elementor-element-d247c6e elementor-section-boxed elementor-section-height-default elementor-section-height-default\" data-id=\"d247c6e\" data-element_type=\"section\" data-e-type=\"section\">\n\t\t\t\t\t\t<div class=\"elementor-container elementor-column-gap-default\">\n\t\t\t\t\t<div class=\"elementor-column elementor-col-50 elementor-top-column elementor-element elementor-element-7a7b49d\" data-id=\"7a7b49d\" data-element_type=\"column\" data-e-type=\"column\">\n\t\t\t<div class=\"elementor-widget-wrap elementor-element-populated\">\n\t\t\t\t\t\t<div class=\"elementor-element elementor-element-974bfd5 elementor-widget elementor-widget-image\" data-id=\"974bfd5\" data-element_type=\"widget\" data-e-type=\"widget\" data-widget_type=\"image.default\">\n\t\t\t\t<div class=\"elementor-widget-container\">\n\t\t\t\t\t\t\t\t\t\t\t\t\t\t\t\t<a href=\"https:\/\/www.asociacioncge.com\/wp-content\/uploads\/2025\/05\/masajes.png\" data-elementor-open-lightbox=\"yes\" data-elementor-lightbox-title=\"masajes\" data-e-action-hash=\"#elementor-action%3Aaction%3Dlightbox%26settings%3DeyJpZCI6Njk5MTYsInVybCI6Imh0dHBzOlwvXC93d3cuYXNvY2lhY2lvbmNnZS5jb21cL3dwLWNvbnRlbnRcL3VwbG9hZHNcLzIwMjVcLzA1XC9tYXNhamVzLnBuZyJ9\">\n\t\t\t\t\t\t\t<img loading=\"lazy\" decoding=\"async\" width=\"870\" height=\"514\" src=\"https:\/\/www.asociacioncge.com\/wp-content\/uploads\/2025\/05\/masajes-1024x605.png\" class=\"attachment-large size-large wp-image-69916\" alt=\"\" srcset=\"https:\/\/www.asociacioncge.com\/wp-content\/uploads\/2025\/05\/masajes-1024x605.png 1024w, https:\/\/www.asociacioncge.com\/wp-content\/uploads\/2025\/05\/masajes-300x177.png 300w, https:\/\/www.asociacioncge.com\/wp-content\/uploads\/2025\/05\/masajes-768x454.png 768w, https:\/\/www.asociacioncge.com\/wp-content\/uploads\/2025\/05\/masajes-600x355.png 600w, https:\/\/www.asociacioncge.com\/wp-content\/uploads\/2025\/05\/masajes.png 1103w\" sizes=\"(max-width: 870px) 100vw, 870px\" \/>\t\t\t\t\t\t\t\t<\/a>\n\t\t\t\t\t\t\t\t\t\t\t\t\t\t\t<\/div>\n\t\t\t\t<\/div>\n\t\t\t\t\t<\/div>\n\t\t<\/div>\n\t\t\t\t<div class=\"elementor-column elementor-col-50 elementor-top-column elementor-element elementor-element-cfd98ed\" data-id=\"cfd98ed\" data-element_type=\"column\" data-e-type=\"column\">\n\t\t\t<div class=\"elementor-widget-wrap elementor-element-populated\">\n\t\t\t\t\t\t<div class=\"elementor-element elementor-element-ae35a67 elementor-widget elementor-widget-image\" data-id=\"ae35a67\" data-element_type=\"widget\" data-e-type=\"widget\" data-widget_type=\"image.default\">\n\t\t\t\t<div class=\"elementor-widget-container\">\n\t\t\t\t\t\t\t\t\t\t\t\t\t\t\t\t<a href=\"https:\/\/www.asociacioncge.com\/wp-content\/uploads\/2025\/05\/Depilaciones.png\" data-elementor-open-lightbox=\"yes\" data-elementor-lightbox-title=\"Depilaciones\" data-e-action-hash=\"#elementor-action%3Aaction%3Dlightbox%26settings%3DeyJpZCI6Njk5MTcsInVybCI6Imh0dHBzOlwvXC93d3cuYXNvY2lhY2lvbmNnZS5jb21cL3dwLWNvbnRlbnRcL3VwbG9hZHNcLzIwMjVcLzA1XC9EZXBpbGFjaW9uZXMucG5nIn0%3D\">\n\t\t\t\t\t\t\t<img loading=\"lazy\" decoding=\"async\" width=\"870\" height=\"432\" src=\"https:\/\/www.asociacioncge.com\/wp-content\/uploads\/2025\/05\/Depilaciones-1024x509.png\" class=\"attachment-large size-large wp-image-69917\" alt=\"\" srcset=\"https:\/\/www.asociacioncge.com\/wp-content\/uploads\/2025\/05\/Depilaciones-1024x509.png 1024w, https:\/\/www.asociacioncge.com\/wp-content\/uploads\/2025\/05\/Depilaciones-300x149.png 300w, https:\/\/www.asociacioncge.com\/wp-content\/uploads\/2025\/05\/Depilaciones-768x382.png 768w, https:\/\/www.asociacioncge.com\/wp-content\/uploads\/2025\/05\/Depilaciones-600x298.png 600w, https:\/\/www.asociacioncge.com\/wp-content\/uploads\/2025\/05\/Depilaciones.png 1091w\" sizes=\"(max-width: 870px) 100vw, 870px\" \/>\t\t\t\t\t\t\t\t<\/a>\n\t\t\t\t\t\t\t\t\t\t\t\t\t\t\t<\/div>\n\t\t\t\t<\/div>\n\t\t\t\t\t<\/div>\n\t\t<\/div>\n\t\t\t\t\t<\/div>\n\t\t<\/section>\n\t\t\t\t<section class=\"elementor-section elementor-top-section elementor-element elementor-element-db65f6e elementor-section-boxed elementor-section-height-default elementor-section-height-default\" data-id=\"db65f6e\" data-element_type=\"section\" data-e-type=\"section\">\n\t\t\t\t\t\t<div class=\"elementor-container elementor-column-gap-default\">\n\t\t\t\t\t<div class=\"elementor-column elementor-col-100 elementor-top-column elementor-element elementor-element-76a3f99\" data-id=\"76a3f99\" data-element_type=\"column\" data-e-type=\"column\">\n\t\t\t<div class=\"elementor-widget-wrap elementor-element-populated\">\n\t\t\t\t\t\t<div class=\"elementor-element elementor-element-d954342 elementor-widget elementor-widget-image\" data-id=\"d954342\" data-element_type=\"widget\" data-e-type=\"widget\" data-widget_type=\"image.default\">\n\t\t\t\t<div class=\"elementor-widget-container\">\n\t\t\t\t\t\t\t\t\t\t\t\t\t\t\t<img loading=\"lazy\" decoding=\"async\" width=\"691\" height=\"577\" src=\"https:\/\/www.asociacioncge.com\/wp-content\/uploads\/2025\/05\/promo-mensual.png\" class=\"attachment-large size-large wp-image-69918\" alt=\"\" srcset=\"https:\/\/www.asociacioncge.com\/wp-content\/uploads\/2025\/05\/promo-mensual.png 691w, https:\/\/www.asociacioncge.com\/wp-content\/uploads\/2025\/05\/promo-mensual-300x251.png 300w, https:\/\/www.asociacioncge.com\/wp-content\/uploads\/2025\/05\/promo-mensual-600x501.png 600w\" sizes=\"(max-width: 691px) 100vw, 691px\" \/>\t\t\t\t\t\t\t\t\t\t\t\t\t\t\t<\/div>\n\t\t\t\t<\/div>\n\t\t\t\t\t<\/div>\n\t\t<\/div>\n\t\t\t\t\t<\/div>\n\t\t<\/section>\n\t\t\t\t<\/div>\n\t\t","protected":false},"excerpt":{"rendered":"<p>Tratamientos faciales y corporales est\u00e9ticos\/hol\u00edsticos. Agenda tu cita:0962365113 10%DESCUENTO 2 MesesCR\u00c9DITO ROL Direcci\u00f3n: Quito, Av. Atahualpa e I\u00f1aquito, edificio Corporativo Atahualpa. 3er pisoConsultorio 302 Horario de atenci\u00f3n: Lunes a viernes9:00 a 18:00 S\u00e1bados y domingos9:00 a 14:00 Beneficio aplica presentando la c\u00e9dula Servicios faciales: Limpieza facial Tratamiento de acn\u00e9 Dermaneedling Dermaplaning Hollywood Peel Rejuvenecimiento Despigmentaci\u00f3n [&hellip;]<\/p>\n","protected":false},"author":1,"featured_media":0,"parent":0,"menu_order":0,"comment_status":"closed","ping_status":"closed","template":"","meta":{"_monsterinsights_skip_tracking":false,"_monsterinsights_sitenote_active":false,"_monsterinsights_sitenote_note":"","_monsterinsights_sitenote_category":0,"ngg_post_thumbnail":0,"footnotes":""},"tags":[],"class_list":["post-69871","page","type-page","status-publish","hentry"],"aioseo_notices":[],"_links":{"self":[{"href":"https:\/\/www.asociacioncge.com\/index.php?rest_route=\/wp\/v2\/pages\/69871","targetHints":{"allow":["GET"]}}],"collection":[{"href":"https:\/\/www.asociacioncge.com\/index.php?rest_route=\/wp\/v2\/pages"}],"about":[{"href":"https:\/\/www.asociacioncge.com\/index.php?rest_route=\/wp\/v2\/types\/page"}],"author":[{"embeddable":true,"href":"https:\/\/www.asociacioncge.com\/index.php?rest_route=\/wp\/v2\/users\/1"}],"replies":[{"embeddable":true,"href":"https:\/\/www.asociacioncge.com\/index.php?rest_route=%2Fwp%2Fv2%2Fcomments&post=69871"}],"version-history":[{"count":46,"href":"https:\/\/www.asociacioncge.com\/index.php?rest_route=\/wp\/v2\/pages\/69871\/revisions"}],"predecessor-version":[{"id":69935,"href":"https:\/\/www.asociacioncge.com\/index.php?rest_route=\/wp\/v2\/pages\/69871\/revisions\/69935"}],"wp:attachment":[{"href":"https:\/\/www.asociacioncge.com\/index.php?rest_route=%2Fwp%2Fv2%2Fmedia&parent=69871"}],"wp:term":[{"taxonomy":"post_tag","embeddable":true,"href":"https:\/\/www.asociacioncge.com\/index.php?rest_route=%2Fwp%2Fv2%2Ftags&post=69871"}],"curies":[{"name":"wp","href":"https:\/\/api.w.org\/{rel}","templated":true}]}}