{"id":59991,"date":"2022-11-02T13:59:22","date_gmt":"2022-11-02T13:59:22","guid":{"rendered":"https:\/\/www.asociacioncge.com\/?page_id=59991"},"modified":"2025-09-03T20:52:48","modified_gmt":"2025-09-03T20:52:48","slug":"centro-de-bienestar-yesham-hayat","status":"publish","type":"page","link":"https:\/\/www.asociacioncge.com\/?page_id=59991","title":{"rendered":"Centro de bienestar YESHAM HAYAT"},"content":{"rendered":"\t\t<div data-elementor-type=\"wp-page\" data-elementor-id=\"59991\" class=\"elementor elementor-59991\">\n\t\t\t\t\t\t<section class=\"elementor-section elementor-top-section elementor-element elementor-element-48e3d8b elementor-section-boxed elementor-section-height-default elementor-section-height-default\" data-id=\"48e3d8b\" data-element_type=\"section\" data-e-type=\"section\">\n\t\t\t\t\t\t<div class=\"elementor-container elementor-column-gap-default\">\n\t\t\t\t\t<div class=\"elementor-column elementor-col-50 elementor-top-column elementor-element elementor-element-e692a62\" data-id=\"e692a62\" data-element_type=\"column\" data-e-type=\"column\">\n\t\t\t<div class=\"elementor-widget-wrap elementor-element-populated\">\n\t\t\t\t\t\t<div class=\"elementor-element elementor-element-0634fd5 elementor-widget elementor-widget-image\" data-id=\"0634fd5\" data-element_type=\"widget\" data-e-type=\"widget\" data-widget_type=\"image.default\">\n\t\t\t\t<div class=\"elementor-widget-container\">\n\t\t\t\t\t\t\t\t\t\t\t\t\t\t\t<img decoding=\"async\" width=\"150\" height=\"150\" src=\"https:\/\/www.asociacioncge.com\/wp-content\/uploads\/2022\/11\/LOGO-PNG-RRSS-150x150.png\" class=\"attachment-thumbnail size-thumbnail wp-image-59992\" alt=\"\" srcset=\"https:\/\/www.asociacioncge.com\/wp-content\/uploads\/2022\/11\/LOGO-PNG-RRSS-150x150.png 150w, https:\/\/www.asociacioncge.com\/wp-content\/uploads\/2022\/11\/LOGO-PNG-RRSS-300x300.png 300w, https:\/\/www.asociacioncge.com\/wp-content\/uploads\/2022\/11\/LOGO-PNG-RRSS-1024x1024.png 1024w, https:\/\/www.asociacioncge.com\/wp-content\/uploads\/2022\/11\/LOGO-PNG-RRSS-768x768.png 768w, https:\/\/www.asociacioncge.com\/wp-content\/uploads\/2022\/11\/LOGO-PNG-RRSS-1536x1536.png 1536w, https:\/\/www.asociacioncge.com\/wp-content\/uploads\/2022\/11\/LOGO-PNG-RRSS-2048x2048.png 2048w, https:\/\/www.asociacioncge.com\/wp-content\/uploads\/2022\/11\/LOGO-PNG-RRSS-600x600.png 600w, https:\/\/www.asociacioncge.com\/wp-content\/uploads\/2022\/11\/LOGO-PNG-RRSS-100x100.png 100w\" sizes=\"(max-width: 150px) 100vw, 150px\" \/>\t\t\t\t\t\t\t\t\t\t\t\t\t\t\t<\/div>\n\t\t\t\t<\/div>\n\t\t\t\t\t<\/div>\n\t\t<\/div>\n\t\t\t\t<div class=\"elementor-column elementor-col-50 elementor-top-column elementor-element elementor-element-cfaab56\" data-id=\"cfaab56\" data-element_type=\"column\" data-e-type=\"column\">\n\t\t\t<div class=\"elementor-widget-wrap elementor-element-populated\">\n\t\t\t\t\t\t<div class=\"elementor-element elementor-element-1e94804 elementor-widget elementor-widget-heading\" data-id=\"1e94804\" data-element_type=\"widget\" data-e-type=\"widget\" data-widget_type=\"heading.default\">\n\t\t\t\t<div class=\"elementor-widget-container\">\n\t\t\t\t\t<h2 class=\"elementor-heading-title elementor-size-default\">\u00bfSufres de estr\u00e9s?<\/h2>\t\t\t\t<\/div>\n\t\t\t\t<\/div>\n\t\t\t\t\t<\/div>\n\t\t<\/div>\n\t\t\t\t\t<\/div>\n\t\t<\/section>\n\t\t\t\t<section class=\"elementor-section elementor-top-section elementor-element elementor-element-0850118 elementor-section-boxed elementor-section-height-default elementor-section-height-default\" data-id=\"0850118\" data-element_type=\"section\" data-e-type=\"section\">\n\t\t\t\t\t\t<div class=\"elementor-container elementor-column-gap-default\">\n\t\t\t\t\t<div class=\"elementor-column elementor-col-100 elementor-top-column elementor-element elementor-element-821405b\" data-id=\"821405b\" data-element_type=\"column\" data-e-type=\"column\">\n\t\t\t<div class=\"elementor-widget-wrap elementor-element-populated\">\n\t\t\t\t\t\t<div class=\"elementor-element elementor-element-1494c2f elementor-widget elementor-widget-text-editor\" data-id=\"1494c2f\" data-element_type=\"widget\" data-e-type=\"widget\" data-widget_type=\"text-editor.default\">\n\t\t\t\t<div class=\"elementor-widget-container\">\n\t\t\t\t\t\t\t\t\t<p style=\"text-align: center;\"><strong>\u00a1La soluci\u00f3n la tiene <span style=\"color: #008000;\">YESHAM HAYAT!<\/span><\/strong><\/p>\t\t\t\t\t\t\t\t<\/div>\n\t\t\t\t<\/div>\n\t\t\t\t\t<\/div>\n\t\t<\/div>\n\t\t\t\t\t<\/div>\n\t\t<\/section>\n\t\t\t\t<section class=\"elementor-section elementor-top-section elementor-element elementor-element-bb66a1b elementor-section-boxed elementor-section-height-default elementor-section-height-default\" data-id=\"bb66a1b\" data-element_type=\"section\" data-e-type=\"section\">\n\t\t\t\t\t\t<div class=\"elementor-container elementor-column-gap-default\">\n\t\t\t\t\t<div class=\"elementor-column elementor-col-100 elementor-top-column elementor-element elementor-element-cc637d7\" data-id=\"cc637d7\" data-element_type=\"column\" data-e-type=\"column\">\n\t\t\t<div class=\"elementor-widget-wrap elementor-element-populated\">\n\t\t\t\t\t\t<div class=\"elementor-element elementor-element-cae698c elementor-widget elementor-widget-text-editor\" data-id=\"cae698c\" data-element_type=\"widget\" data-e-type=\"widget\" data-widget_type=\"text-editor.default\">\n\t\t\t\t<div class=\"elementor-widget-container\">\n\t\t\t\t\t\t\t\t\t<p style=\"text-align: justify;\"><span style=\"color: #008000;\"><strong>YESHAM HAYAT<\/strong><\/span> es un Centro de bienestar integral creado con el compromiso de brindar apoyo terap\u00e9utico a sus clientes, enfocado en la recuperaci\u00f3n de la salud tanto del cuerpo como de la mente.<\/p>\t\t\t\t\t\t\t\t<\/div>\n\t\t\t\t<\/div>\n\t\t\t\t\t<\/div>\n\t\t<\/div>\n\t\t\t\t\t<\/div>\n\t\t<\/section>\n\t\t\t\t<section class=\"elementor-section elementor-top-section elementor-element elementor-element-73b7516 elementor-section-boxed elementor-section-height-default elementor-section-height-default\" data-id=\"73b7516\" data-element_type=\"section\" data-e-type=\"section\">\n\t\t\t\t\t\t<div class=\"elementor-container elementor-column-gap-default\">\n\t\t\t\t\t<div class=\"elementor-column elementor-col-100 elementor-top-column elementor-element elementor-element-302b230\" data-id=\"302b230\" data-element_type=\"column\" data-e-type=\"column\">\n\t\t\t<div class=\"elementor-widget-wrap elementor-element-populated\">\n\t\t\t\t\t\t<div class=\"elementor-element elementor-element-5f3d740 elementor-widget elementor-widget-image\" data-id=\"5f3d740\" data-element_type=\"widget\" data-e-type=\"widget\" data-widget_type=\"image.default\">\n\t\t\t\t<div class=\"elementor-widget-container\">\n\t\t\t\t\t\t\t\t\t\t\t\t<figure class=\"wp-caption\">\n\t\t\t\t\t\t\t\t\t\t<img fetchpriority=\"high\" decoding=\"async\" width=\"819\" height=\"1024\" src=\"https:\/\/www.asociacioncge.com\/wp-content\/uploads\/2025\/09\/WhatsApp-Image-2025-09-03-at-15.37.45-819x1024.jpeg\" class=\"attachment-large size-large wp-image-70432\" alt=\"\" srcset=\"https:\/\/www.asociacioncge.com\/wp-content\/uploads\/2025\/09\/WhatsApp-Image-2025-09-03-at-15.37.45-819x1024.jpeg 819w, https:\/\/www.asociacioncge.com\/wp-content\/uploads\/2025\/09\/WhatsApp-Image-2025-09-03-at-15.37.45-240x300.jpeg 240w, https:\/\/www.asociacioncge.com\/wp-content\/uploads\/2025\/09\/WhatsApp-Image-2025-09-03-at-15.37.45-768x960.jpeg 768w, https:\/\/www.asociacioncge.com\/wp-content\/uploads\/2025\/09\/WhatsApp-Image-2025-09-03-at-15.37.45-600x750.jpeg 600w, https:\/\/www.asociacioncge.com\/wp-content\/uploads\/2025\/09\/WhatsApp-Image-2025-09-03-at-15.37.45.jpeg 1024w\" sizes=\"(max-width: 819px) 100vw, 819px\" \/>\t\t\t\t\t\t\t\t\t\t\t<figcaption class=\"widget-image-caption wp-caption-text\"><\/figcaption>\n\t\t\t\t\t\t\t\t\t\t<\/figure>\n\t\t\t\t\t\t\t\t\t<\/div>\n\t\t\t\t<\/div>\n\t\t\t\t\t<\/div>\n\t\t<\/div>\n\t\t\t\t\t<\/div>\n\t\t<\/section>\n\t\t\t\t<section class=\"elementor-section elementor-top-section elementor-element elementor-element-86d9c77 elementor-section-boxed elementor-section-height-default elementor-section-height-default\" data-id=\"86d9c77\" data-element_type=\"section\" data-e-type=\"section\">\n\t\t\t\t\t\t<div class=\"elementor-container elementor-column-gap-default\">\n\t\t\t\t\t<div class=\"elementor-column elementor-col-100 elementor-top-column elementor-element elementor-element-c9dda3f\" data-id=\"c9dda3f\" data-element_type=\"column\" data-e-type=\"column\">\n\t\t\t<div class=\"elementor-widget-wrap elementor-element-populated\">\n\t\t\t\t\t\t<div class=\"elementor-element elementor-element-327b9d7 elementor-widget-divider--view-line elementor-widget elementor-widget-divider\" data-id=\"327b9d7\" data-element_type=\"widget\" data-e-type=\"widget\" data-widget_type=\"divider.default\">\n\t\t\t\t<div class=\"elementor-widget-container\">\n\t\t\t\t\t\t\t<div class=\"elementor-divider\">\n\t\t\t<span class=\"elementor-divider-separator\">\n\t\t\t\t\t\t<\/span>\n\t\t<\/div>\n\t\t\t\t\t\t<\/div>\n\t\t\t\t<\/div>\n\t\t\t\t\t<\/div>\n\t\t<\/div>\n\t\t\t\t\t<\/div>\n\t\t<\/section>\n\t\t\t\t<section class=\"elementor-section elementor-top-section elementor-element elementor-element-714bb8e elementor-section-boxed elementor-section-height-default elementor-section-height-default\" data-id=\"714bb8e\" data-element_type=\"section\" data-e-type=\"section\">\n\t\t\t\t\t\t<div class=\"elementor-container elementor-column-gap-default\">\n\t\t\t\t\t<div class=\"elementor-column elementor-col-50 elementor-top-column elementor-element elementor-element-ea90817\" data-id=\"ea90817\" data-element_type=\"column\" data-e-type=\"column\">\n\t\t\t<div class=\"elementor-widget-wrap elementor-element-populated\">\n\t\t\t\t\t\t<div class=\"elementor-element elementor-element-a273a45 elementor-widget elementor-widget-heading\" data-id=\"a273a45\" data-element_type=\"widget\" data-e-type=\"widget\" data-widget_type=\"heading.default\">\n\t\t\t\t<div class=\"elementor-widget-container\">\n\t\t\t\t\t<h2 class=\"elementor-heading-title elementor-size-default\">PROMOCI\u00d3N\n\"LA SEMANA DEL CUMPLEA\u00d1ERO\"<\/h2>\t\t\t\t<\/div>\n\t\t\t\t<\/div>\n\t\t\t\t\t<\/div>\n\t\t<\/div>\n\t\t\t\t<div class=\"elementor-column elementor-col-50 elementor-top-column elementor-element elementor-element-c9b3d68\" data-id=\"c9b3d68\" data-element_type=\"column\" data-e-type=\"column\">\n\t\t\t<div class=\"elementor-widget-wrap elementor-element-populated\">\n\t\t\t\t\t\t<div class=\"elementor-element elementor-element-400b97d elementor-widget elementor-widget-text-editor\" data-id=\"400b97d\" data-element_type=\"widget\" data-e-type=\"widget\" data-widget_type=\"text-editor.default\">\n\t\t\t\t<div class=\"elementor-widget-container\">\n\t\t\t\t\t\t\t\t\t<p style=\"text-align: justify;\"><strong>(PREVIA CITA)<\/strong> Es una promoci\u00f3n en la que los socios que cumplan a\u00f1os podr\u00e1n acceder a una sesi\u00f3n sin costo que incluye un <span style=\"color: #008000;\"><strong>masaje localizado express del cuello y hombros<\/strong><\/span> con equipos especificos para este tratamiento, con una duraci\u00f3n estimada de 17 minutos.<\/p><p style=\"text-align: justify;\">La promoci\u00f3n podr\u00e1 ser aplicada durante la semana del cumplea\u00f1os es decir, de lunes a s\u00e1bado. Si el cumplea\u00f1os es domingo podra hacer uso de la promoci\u00f3n durante la semana anterior o siguiente.<\/p>\t\t\t\t\t\t\t\t<\/div>\n\t\t\t\t<\/div>\n\t\t\t\t\t<\/div>\n\t\t<\/div>\n\t\t\t\t\t<\/div>\n\t\t<\/section>\n\t\t\t\t<section class=\"elementor-section elementor-top-section elementor-element elementor-element-d1b79cf elementor-section-boxed elementor-section-height-default elementor-section-height-default\" data-id=\"d1b79cf\" data-element_type=\"section\" data-e-type=\"section\">\n\t\t\t\t\t\t<div class=\"elementor-container elementor-column-gap-default\">\n\t\t\t\t\t<div class=\"elementor-column elementor-col-100 elementor-top-column elementor-element elementor-element-442b112\" data-id=\"442b112\" data-element_type=\"column\" data-e-type=\"column\">\n\t\t\t<div class=\"elementor-widget-wrap elementor-element-populated\">\n\t\t\t\t\t\t<div class=\"elementor-element elementor-element-58f517aa elementor-widget-divider--view-line elementor-widget elementor-widget-divider\" data-id=\"58f517aa\" data-element_type=\"widget\" data-e-type=\"widget\" data-widget_type=\"divider.default\">\n\t\t\t\t<div class=\"elementor-widget-container\">\n\t\t\t\t\t\t\t<div class=\"elementor-divider\">\n\t\t\t<span class=\"elementor-divider-separator\">\n\t\t\t\t\t\t<\/span>\n\t\t<\/div>\n\t\t\t\t\t\t<\/div>\n\t\t\t\t<\/div>\n\t\t\t\t\t<\/div>\n\t\t<\/div>\n\t\t\t\t\t<\/div>\n\t\t<\/section>\n\t\t\t\t<section class=\"elementor-section elementor-top-section elementor-element elementor-element-d61b4f1 elementor-section-boxed elementor-section-height-default elementor-section-height-default\" data-id=\"d61b4f1\" data-element_type=\"section\" data-e-type=\"section\">\n\t\t\t\t\t\t<div class=\"elementor-container elementor-column-gap-default\">\n\t\t\t\t\t<div class=\"elementor-column elementor-col-33 elementor-top-column elementor-element elementor-element-abd1ee2\" data-id=\"abd1ee2\" data-element_type=\"column\" data-e-type=\"column\">\n\t\t\t<div class=\"elementor-widget-wrap elementor-element-populated\">\n\t\t\t\t\t\t<div class=\"elementor-element elementor-element-d22c8f7 elementor-widget elementor-widget-text-editor\" data-id=\"d22c8f7\" data-element_type=\"widget\" data-e-type=\"widget\" data-widget_type=\"text-editor.default\">\n\t\t\t\t<div class=\"elementor-widget-container\">\n\t\t\t\t\t\t\t\t\t<p style=\"text-align: justify;\"><strong>TRATAMIENTOS:<\/strong><\/p><ul><li style=\"text-align: justify;\">Prevenci\u00f3n de enfermedades<\/li><li style=\"text-align: justify;\">Sesi\u00f3n antiestr\u00e9s y relajaci\u00f3n<\/li><li style=\"text-align: justify;\">Alineaci\u00f3n de la columna vertebral y descontracturaci\u00f3n de m\u00fasculos de cuello, hombros, espalda, extremidades superiores e inferiores<\/li><li style=\"text-align: justify;\">Tratamiento para lumbalgia y nervio ci\u00e1tico<\/li><li style=\"text-align: justify;\">Alivio de molestias espec\u00edficas del cuerpo<\/li><li style=\"text-align: justify;\">Sesi\u00f3n de desintoxicaci\u00f3n<\/li><li style=\"text-align: justify;\">P\u00e9rdida de peso<\/li><\/ul>\t\t\t\t\t\t\t\t<\/div>\n\t\t\t\t<\/div>\n\t\t\t\t\t<\/div>\n\t\t<\/div>\n\t\t\t\t<div class=\"elementor-column elementor-col-33 elementor-top-column elementor-element elementor-element-3f0366a\" data-id=\"3f0366a\" data-element_type=\"column\" data-e-type=\"column\">\n\t\t\t<div class=\"elementor-widget-wrap\">\n\t\t\t\t\t\t\t<\/div>\n\t\t<\/div>\n\t\t\t\t<div class=\"elementor-column elementor-col-33 elementor-top-column elementor-element elementor-element-6eb716d\" data-id=\"6eb716d\" data-element_type=\"column\" data-e-type=\"column\">\n\t\t\t<div class=\"elementor-widget-wrap elementor-element-populated\">\n\t\t\t\t\t\t<div class=\"elementor-element elementor-element-794339b elementor-widget elementor-widget-text-editor\" data-id=\"794339b\" data-element_type=\"widget\" data-e-type=\"widget\" data-widget_type=\"text-editor.default\">\n\t\t\t\t<div class=\"elementor-widget-container\">\n\t\t\t\t\t\t\t\t\t<p style=\"text-align: justify;\"><strong>BENEFICIOS:<\/strong><\/p><ul><li style=\"text-align: justify;\">Mejorar la calidad de vida<\/li><li style=\"text-align: justify;\">Prevenir enfermedades cr\u00f3nicas<\/li><li style=\"text-align: justify;\">Aliviar el dolor o malestar desde la primera sesi\u00f3n<\/li><li style=\"text-align: justify;\">Eliminar el estr\u00e9s acumulado<\/li><li style=\"text-align: justify;\">Disminuir la incidencia de enfermedades profesionales<\/li><\/ul>\t\t\t\t\t\t\t\t<\/div>\n\t\t\t\t<\/div>\n\t\t\t\t\t<\/div>\n\t\t<\/div>\n\t\t\t\t\t<\/div>\n\t\t<\/section>\n\t\t\t\t<section class=\"elementor-section elementor-top-section elementor-element elementor-element-a9ca91a elementor-section-boxed elementor-section-height-default elementor-section-height-default\" data-id=\"a9ca91a\" data-element_type=\"section\" data-e-type=\"section\">\n\t\t\t\t\t\t<div class=\"elementor-container elementor-column-gap-default\">\n\t\t\t\t\t<div class=\"elementor-column elementor-col-100 elementor-top-column elementor-element elementor-element-bbab348\" data-id=\"bbab348\" data-element_type=\"column\" data-e-type=\"column\">\n\t\t\t<div class=\"elementor-widget-wrap elementor-element-populated\">\n\t\t\t\t\t\t<div class=\"elementor-element elementor-element-58d3945 elementor-widget elementor-widget-image\" data-id=\"58d3945\" data-element_type=\"widget\" data-e-type=\"widget\" data-widget_type=\"image.default\">\n\t\t\t\t<div class=\"elementor-widget-container\">\n\t\t\t\t\t\t\t\t\t\t\t\t<figure class=\"wp-caption\">\n\t\t\t\t\t\t\t\t\t\t\t<a href=\"https:\/\/www.asociacioncge.com\/wp-content\/uploads\/2022\/11\/Precios-Yesham-Hayat.png\" data-elementor-open-lightbox=\"yes\" data-elementor-lightbox-title=\"Precios Yesham Hayat\" data-e-action-hash=\"#elementor-action%3Aaction%3Dlightbox%26settings%3DeyJpZCI6NjAwOTQsInVybCI6Imh0dHBzOlwvXC93d3cuYXNvY2lhY2lvbmNnZS5jb21cL3dwLWNvbnRlbnRcL3VwbG9hZHNcLzIwMjJcLzExXC9QcmVjaW9zLVllc2hhbS1IYXlhdC5wbmcifQ%3D%3D\">\n\t\t\t\t\t\t\t<img decoding=\"async\" width=\"860\" height=\"334\" src=\"https:\/\/www.asociacioncge.com\/wp-content\/uploads\/2022\/11\/Precios-Yesham-Hayat.png\" class=\"attachment-large size-large wp-image-60094\" alt=\"\" srcset=\"https:\/\/www.asociacioncge.com\/wp-content\/uploads\/2022\/11\/Precios-Yesham-Hayat.png 860w, https:\/\/www.asociacioncge.com\/wp-content\/uploads\/2022\/11\/Precios-Yesham-Hayat-300x117.png 300w, https:\/\/www.asociacioncge.com\/wp-content\/uploads\/2022\/11\/Precios-Yesham-Hayat-768x298.png 768w, https:\/\/www.asociacioncge.com\/wp-content\/uploads\/2022\/11\/Precios-Yesham-Hayat-600x233.png 600w\" sizes=\"(max-width: 860px) 100vw, 860px\" \/>\t\t\t\t\t\t\t\t<\/a>\n\t\t\t\t\t\t\t\t\t\t\t<figcaption class=\"widget-image-caption wp-caption-text\">Nota: todos los tratamientos incluyen aromaterapia y musicoterapia<\/figcaption>\n\t\t\t\t\t\t\t\t\t\t<\/figure>\n\t\t\t\t\t\t\t\t\t<\/div>\n\t\t\t\t<\/div>\n\t\t\t\t\t<\/div>\n\t\t<\/div>\n\t\t\t\t\t<\/div>\n\t\t<\/section>\n\t\t\t\t<section class=\"elementor-section elementor-top-section elementor-element elementor-element-a69cf1c elementor-section-boxed elementor-section-height-default elementor-section-height-default\" data-id=\"a69cf1c\" data-element_type=\"section\" data-e-type=\"section\">\n\t\t\t\t\t\t<div class=\"elementor-container elementor-column-gap-default\">\n\t\t\t\t\t<div class=\"elementor-column elementor-col-100 elementor-top-column elementor-element elementor-element-a76e7c7\" data-id=\"a76e7c7\" data-element_type=\"column\" data-e-type=\"column\">\n\t\t\t<div class=\"elementor-widget-wrap elementor-element-populated\">\n\t\t\t\t\t\t<div class=\"elementor-element elementor-element-3259bc44 elementor-widget-divider--view-line elementor-widget elementor-widget-divider\" data-id=\"3259bc44\" data-element_type=\"widget\" data-e-type=\"widget\" data-widget_type=\"divider.default\">\n\t\t\t\t<div class=\"elementor-widget-container\">\n\t\t\t\t\t\t\t<div class=\"elementor-divider\">\n\t\t\t<span class=\"elementor-divider-separator\">\n\t\t\t\t\t\t<\/span>\n\t\t<\/div>\n\t\t\t\t\t\t<\/div>\n\t\t\t\t<\/div>\n\t\t\t\t\t<\/div>\n\t\t<\/div>\n\t\t\t\t\t<\/div>\n\t\t<\/section>\n\t\t\t\t<section class=\"elementor-section elementor-top-section elementor-element elementor-element-c812441 elementor-section-boxed elementor-section-height-default elementor-section-height-default\" data-id=\"c812441\" data-element_type=\"section\" data-e-type=\"section\">\n\t\t\t\t\t\t<div class=\"elementor-container elementor-column-gap-default\">\n\t\t\t\t\t<div class=\"elementor-column elementor-col-100 elementor-top-column elementor-element elementor-element-a3ca257\" data-id=\"a3ca257\" data-element_type=\"column\" data-e-type=\"column\">\n\t\t\t<div class=\"elementor-widget-wrap elementor-element-populated\">\n\t\t\t\t\t\t<div class=\"elementor-element elementor-element-d3337c5 elementor-widget elementor-widget-heading\" data-id=\"d3337c5\" data-element_type=\"widget\" data-e-type=\"widget\" data-widget_type=\"heading.default\">\n\t\t\t\t<div class=\"elementor-widget-container\">\n\t\t\t\t\t<h2 class=\"elementor-heading-title elementor-size-default\">M\u00e1s informaci\u00f3n y citas:<\/h2>\t\t\t\t<\/div>\n\t\t\t\t<\/div>\n\t\t\t\t\t<\/div>\n\t\t<\/div>\n\t\t\t\t\t<\/div>\n\t\t<\/section>\n\t\t\t\t<section class=\"elementor-section elementor-top-section elementor-element elementor-element-4bfa160 elementor-section-boxed elementor-section-height-default elementor-section-height-default\" data-id=\"4bfa160\" data-element_type=\"section\" data-e-type=\"section\">\n\t\t\t\t\t\t<div class=\"elementor-container elementor-column-gap-default\">\n\t\t\t\t\t<div class=\"elementor-column elementor-col-50 elementor-top-column elementor-element elementor-element-b69c2a7\" data-id=\"b69c2a7\" data-element_type=\"column\" data-e-type=\"column\">\n\t\t\t<div class=\"elementor-widget-wrap elementor-element-populated\">\n\t\t\t\t\t\t<div class=\"elementor-element elementor-element-689516a elementor-widget elementor-widget-text-editor\" data-id=\"689516a\" data-element_type=\"widget\" data-e-type=\"widget\" data-widget_type=\"text-editor.default\">\n\t\t\t\t<div class=\"elementor-widget-container\">\n\t\t\t\t\t\t\t\t\t<h5><span style=\"color: #808080;\"><strong>WhatsApp:<\/strong> 09 99613638<\/span><\/h5><h5><span style=\"color: #808080;\"><strong>Correo electr\u00f3nico:<\/strong> <\/span><a href=\"mailto:centrobienestaryh@gmail.com\" target=\"_blank\" rel=\"noopener\"><span style=\"color: #808080;\">centrobienestaryh@gmail.com<\/span><\/a><\/h5>\t\t\t\t\t\t\t\t<\/div>\n\t\t\t\t<\/div>\n\t\t\t\t\t<\/div>\n\t\t<\/div>\n\t\t\t\t<div class=\"elementor-column elementor-col-50 elementor-top-column elementor-element elementor-element-5a6754c\" data-id=\"5a6754c\" data-element_type=\"column\" data-e-type=\"column\">\n\t\t\t<div class=\"elementor-widget-wrap elementor-element-populated\">\n\t\t\t\t\t\t<div class=\"elementor-element elementor-element-6a9b2e9 elementor-widget elementor-widget-text-editor\" data-id=\"6a9b2e9\" data-element_type=\"widget\" data-e-type=\"widget\" data-widget_type=\"text-editor.default\">\n\t\t\t\t<div class=\"elementor-widget-container\">\n\t\t\t\t\t\t\t\t\t<h5 style=\"text-align: justify;\"><span style=\"color: #808080;\"><strong>Direcci\u00f3n:<\/strong> Whymper E7-141 y Diego de Almagro Edif Millecento piso 6.<\/span><\/h5><h5 style=\"text-align: justify;\"><span style=\"color: #808080;\"><strong>Horario de atenci\u00f3n: <\/strong>lunes a viernes de 8h30 a 19h30 y s\u00e1bados de 8h30 a 18h00<\/span><\/h5><h5 style=\"text-align: justify;\"><span style=\"color: #808080;\"><strong>(PREVIA CITA)<\/strong><br \/><\/span><\/h5>\t\t\t\t\t\t\t\t<\/div>\n\t\t\t\t<\/div>\n\t\t\t\t\t<\/div>\n\t\t<\/div>\n\t\t\t\t\t<\/div>\n\t\t<\/section>\n\t\t\t\t<\/div>\n\t\t","protected":false},"excerpt":{"rendered":"<p>\u00bfSufres de estr\u00e9s? \u00a1La soluci\u00f3n la tiene YESHAM HAYAT! YESHAM HAYAT es un Centro de bienestar integral creado con el compromiso de brindar apoyo terap\u00e9utico a sus clientes, enfocado en la recuperaci\u00f3n de la salud tanto del cuerpo como de la mente. PROMOCI\u00d3N \u00abLA SEMANA DEL CUMPLEA\u00d1ERO\u00bb (PREVIA CITA) Es una promoci\u00f3n en la que [&hellip;]<\/p>\n","protected":false},"author":1,"featured_media":0,"parent":0,"menu_order":0,"comment_status":"closed","ping_status":"closed","template":"","meta":{"_monsterinsights_skip_tracking":false,"_monsterinsights_sitenote_active":false,"_monsterinsights_sitenote_note":"","_monsterinsights_sitenote_category":0,"ngg_post_thumbnail":0,"footnotes":""},"tags":[],"class_list":["post-59991","page","type-page","status-publish","hentry"],"aioseo_notices":[],"_links":{"self":[{"href":"https:\/\/www.asociacioncge.com\/index.php?rest_route=\/wp\/v2\/pages\/59991","targetHints":{"allow":["GET"]}}],"collection":[{"href":"https:\/\/www.asociacioncge.com\/index.php?rest_route=\/wp\/v2\/pages"}],"about":[{"href":"https:\/\/www.asociacioncge.com\/index.php?rest_route=\/wp\/v2\/types\/page"}],"author":[{"embeddable":true,"href":"https:\/\/www.asociacioncge.com\/index.php?rest_route=\/wp\/v2\/users\/1"}],"replies":[{"embeddable":true,"href":"https:\/\/www.asociacioncge.com\/index.php?rest_route=%2Fwp%2Fv2%2Fcomments&post=59991"}],"version-history":[{"count":138,"href":"https:\/\/www.asociacioncge.com\/index.php?rest_route=\/wp\/v2\/pages\/59991\/revisions"}],"predecessor-version":[{"id":70444,"href":"https:\/\/www.asociacioncge.com\/index.php?rest_route=\/wp\/v2\/pages\/59991\/revisions\/70444"}],"wp:attachment":[{"href":"https:\/\/www.asociacioncge.com\/index.php?rest_route=%2Fwp%2Fv2%2Fmedia&parent=59991"}],"wp:term":[{"taxonomy":"post_tag","embeddable":true,"href":"https:\/\/www.asociacioncge.com\/index.php?rest_route=%2Fwp%2Fv2%2Ftags&post=59991"}],"curies":[{"name":"wp","href":"https:\/\/api.w.org\/{rel}","templated":true}]}}